[INFO] fetching crate smol-attributes 0.1.3...
[INFO] checking smol-attributes-0.1.3 against master#cfbc6d4cf1acbac5c025acf8ed68929caa551df3 for pr-75494-beta
[INFO] extracting crate smol-attributes 0.1.3 into /workspace/builds/worker-2/source
[INFO] validating manifest of crates.io crate smol-attributes 0.1.3 on toolchain cfbc6d4cf1acbac5c025acf8ed68929caa551df3
[INFO] running `Command { std: "/workspace/cargo-home/bin/cargo" "+cfbc6d4cf1acbac5c025acf8ed68929caa551df3" "read-manifest" "--manifest-path" "Cargo.toml", kill_on_drop: false }`
[INFO] started tweaking crates.io crate smol-attributes 0.1.3
[INFO] finished tweaking crates.io crate smol-attributes 0.1.3
[INFO] tweaked toml for crates.io crate smol-attributes 0.1.3 written to /workspace/builds/worker-2/source/Cargo.toml
[INFO] crate crates.io crate smol-attributes 0.1.3 already has a lockfile, it will not be regenerated
[INFO] running `Command { std: "/workspace/cargo-home/bin/cargo" "+cfbc6d4cf1acbac5c025acf8ed68929caa551df3" "fetch" "--locked" "--manifest-path" "Cargo.toml", kill_on_drop: false }`
[INFO] [stderr]  Downloading crates ...
[INFO] [stderr]   Downloaded wepoll-sys v1.0.4
[INFO] [stderr]   Downloaded smol v0.1.0
[INFO] [stderr]   Downloaded wepoll-binding v1.1.0
[INFO] running `Command { std: "docker" "create" "-v" "/var/lib/crater-agent-workspace/builds/worker-2/target:/opt/rustwide/target:rw,Z" "-v" "/var/lib/crater-agent-workspace/builds/worker-2/source:/opt/rustwide/workdir:ro,Z" "-v" "/var/lib/crater-agent-workspace/cargo-home:/opt/rustwide/cargo-home:ro,Z" "-v" "/var/lib/crater-agent-workspace/rustup-home:/opt/rustwide/rustup-home:ro,Z" "-e" "SOURCE_DIR=/opt/rustwide/workdir" "-e" "CARGO_TARGET_DIR=/opt/rustwide/target" "-e" "CARGO_HOME=/opt/rustwide/cargo-home" "-e" "RUSTUP_HOME=/opt/rustwide/rustup-home" "-w" "/opt/rustwide/workdir" "-m" "1610612736" "--user" "0:0" "--network" "none" "rustops/crates-build-env@sha256:a636fd89d022f18117e1dc8fb37a0a009933cdbbe082814857f0e2024962d47c" "/opt/rustwide/cargo-home/bin/cargo" "+cfbc6d4cf1acbac5c025acf8ed68929caa551df3" "metadata" "--no-deps" "--format-version=1", kill_on_drop: false }`
[INFO] [stdout] e3e673961532ce87adf57259a806eddedf5979e1cd5ddc8fa89ba67ff2990bde
[INFO] [stderr] WARNING: Your kernel does not support swap limit capabilities or the cgroup is not mounted. Memory limited without swap.
[INFO] running `Command { std: "docker" "start" "-a" "e3e673961532ce87adf57259a806eddedf5979e1cd5ddc8fa89ba67ff2990bde", kill_on_drop: false }`
[INFO] running `Command { std: "docker" "inspect" "e3e673961532ce87adf57259a806eddedf5979e1cd5ddc8fa89ba67ff2990bde", kill_on_drop: false }`
[INFO] running `Command { std: "docker" "rm" "-f" "e3e673961532ce87adf57259a806eddedf5979e1cd5ddc8fa89ba67ff2990bde", kill_on_drop: false }`
[INFO] [stdout] e3e673961532ce87adf57259a806eddedf5979e1cd5ddc8fa89ba67ff2990bde
[INFO] running `Command { std: "docker" "create" "-v" "/var/lib/crater-agent-workspace/builds/worker-2/target:/opt/rustwide/target:rw,Z" "-v" "/var/lib/crater-agent-workspace/builds/worker-2/source:/opt/rustwide/workdir:ro,Z" "-v" "/var/lib/crater-agent-workspace/cargo-home:/opt/rustwide/cargo-home:ro,Z" "-v" "/var/lib/crater-agent-workspace/rustup-home:/opt/rustwide/rustup-home:ro,Z" "-e" "SOURCE_DIR=/opt/rustwide/workdir" "-e" "CARGO_TARGET_DIR=/opt/rustwide/target" "-e" "CARGO_INCREMENTAL=0" "-e" "RUST_BACKTRACE=full" "-e" "RUSTFLAGS=--cap-lints=forbid" "-e" "CARGO_HOME=/opt/rustwide/cargo-home" "-e" "RUSTUP_HOME=/opt/rustwide/rustup-home" "-w" "/opt/rustwide/workdir" "-m" "1610612736" "--user" "0:0" "--network" "none" "rustops/crates-build-env@sha256:a636fd89d022f18117e1dc8fb37a0a009933cdbbe082814857f0e2024962d47c" "/opt/rustwide/cargo-home/bin/cargo" "+cfbc6d4cf1acbac5c025acf8ed68929caa551df3" "check" "--frozen" "--all" "--all-targets" "--message-format=json", kill_on_drop: false }`
[INFO] [stdout] e32fb0a7d8cef5e6f44ece9d583f45237177d7db3dc84073d53156e7781fae45
[INFO] [stderr] WARNING: Your kernel does not support swap limit capabilities or the cgroup is not mounted. Memory limited without swap.
[INFO] running `Command { std: "docker" "start" "-a" "e32fb0a7d8cef5e6f44ece9d583f45237177d7db3dc84073d53156e7781fae45", kill_on_drop: false }`
[INFO] [stderr]     Blocking waiting for file lock on package cache
[INFO] [stderr]     Blocking waiting for file lock on package cache
[INFO] [stderr]    Compiling libc v0.2.69
[INFO] [stderr]    Compiling proc-macro2 v1.0.10
[INFO] [stderr]     Checking futures-sink v0.3.4
[INFO] [stderr]     Checking futures-core v0.3.4
[INFO] [stderr]     Checking futures-io v0.3.4
[INFO] [stderr]    Compiling syn v1.0.17
[INFO] [stderr]     Checking futures-task v0.3.4
[INFO] [stderr]    Compiling scopeguard v1.1.0
[INFO] [stderr]    Compiling slab v0.4.2
[INFO] [stderr]     Checking once_cell v1.3.1
[INFO] [stderr]    Compiling void v1.0.2
[INFO] [stderr]     Checking scoped-tls-hkt v0.1.2
[INFO] [stderr]    Compiling memoffset v0.5.4
[INFO] [stderr]    Compiling maybe-uninit v2.0.0
[INFO] [stderr]    Compiling memchr v2.3.3
[INFO] [stderr]    Compiling bitflags v1.2.1
[INFO] [stderr]    Compiling crossbeam-utils v0.7.2
[INFO] [stderr]    Compiling futures-channel v0.3.4
[INFO] [stderr]     Checking crossbeam-queue v0.2.1
[INFO] [stderr]     Checking futures-util v0.3.4
[INFO] [stderr]     Checking crossbeam-epoch v0.8.2
[INFO] [stderr]    Compiling crossbeam-channel v0.4.2
[INFO] [stderr]     Checking crossbeam-deque v0.7.3
[INFO] [stderr]     Checking crossbeam v0.7.3
[INFO] [stderr]     Checking quote v1.0.3
[INFO] [stderr]     Checking socket2 v0.3.12
[INFO] [stderr]     Checking nix v0.17.0
[INFO] [stderr]    Compiling futures v0.3.4
[INFO] [stderr]    Compiling piper v0.1.1
[INFO] [stderr]     Checking smol v0.1.0
[INFO] [stderr]     Checking smol-attributes v0.1.3 (/opt/rustwide/workdir)
[INFO] [stdout] error[E0433]: failed to resolve: use of undeclared type or module `smol_potat`
[INFO] [stdout]  --> tests/test.rs:1:3
[INFO] [stdout]   |
[INFO] [stdout] 1 | #[smol_potat::test]
[INFO] [stdout]   |   ^^^^^^^^^^ use of undeclared type or module `smol_potat`
[INFO] [stdout] 
[INFO] [stdout] 
[INFO] [stdout] error[E0433]: failed to resolve: use of undeclared type or module `smol_potat`
[INFO] [stdout]  --> benches/basic.rs:4:3
[INFO] [stdout]   |
[INFO] [stdout] 4 | #[smol_potat::bench]
[INFO] [stdout]   |   ^^^^^^^^^^ use of undeclared type or module `smol_potat`
[INFO] [stdout] 
[INFO] [stdout] 
[INFO] [stdout] error[E0554]: `#![feature]` may not be used on the beta release channel
[INFO] [stdout]  --> benches/basic.rs:1:1
[INFO] [stdout]   |
[INFO] [stdout] 1 | #![feature(test)]
[INFO] [stdout]   | ^^^^^^^^^^^^^^^^^
[INFO] [stdout] 
[INFO] [stdout] 
[INFO] [stderr] error: could not compile `smol-attributes`.
[INFO] [stdout] error: aborting due to 2 previous errors
[INFO] [stdout] 
[INFO] [stdout] 
[INFO] [stderr] 
[INFO] [stdout] Some errors have detailed explanations: E0433, E0554.
[INFO] [stdout] 
[INFO] [stderr] To learn more, run the command again with --verbose.
[INFO] [stdout] For more information about an error, try `rustc --explain E0433`.
[INFO] [stdout] 
[INFO] [stderr] warning: build failed, waiting for other jobs to finish...
[INFO] [stdout] error: aborting due to previous error
[INFO] [stdout] 
[INFO] [stdout] 
[INFO] [stdout] For more information about this error, try `rustc --explain E0433`.
[INFO] [stdout] 
[INFO] [stdout] error[E0433]: failed to resolve: use of undeclared type or module `smol_potat`
[INFO] [stdout]  --> examples/main.rs:3:3
[INFO] [stdout]   |
[INFO] [stdout] 3 | #[smol_potat::main]
[INFO] [stdout]   |   ^^^^^^^^^^ use of undeclared type or module `smol_potat`
[INFO] [stdout] 
[INFO] [stdout] 
[INFO] [stdout] error[E0277]: `main` has invalid return type `impl std::future::Future`
[INFO] [stdout]  --> examples/main.rs:4:17
[INFO] [stdout]   |
[INFO] [stdout] 4 | async fn main() {
[INFO] [stdout]   |                 ^ `main` can only return types that implement `std::process::Termination`
[INFO] [stdout]   |
[INFO] [stdout]   = help: consider using `()`, or a `Result`
[INFO] [stdout] 
[INFO] [stdout] 
[INFO] [stdout] error[E0752]: `main` function is not allowed to be `async`
[INFO] [stdout]  --> examples/main.rs:4:1
[INFO] [stdout]   |
[INFO] [stdout] 4 | async fn main() {
[INFO] [stdout]   | ^^^^^^^^^^^^^^^ `main` function is not allowed to be `async`
[INFO] [stdout] 
[INFO] [stdout] 
[INFO] [stdout] error: aborting due to 3 previous errors
[INFO] [stdout] 
[INFO] [stdout] 
[INFO] [stdout] Some errors have detailed explanations: E0277, E0433, E0752.
[INFO] [stdout] 
[INFO] [stdout] For more information about an error, try `rustc --explain E0277`.
[INFO] [stdout] 
[INFO] [stderr] error: build failed
[INFO] running `Command { std: "docker" "inspect" "e32fb0a7d8cef5e6f44ece9d583f45237177d7db3dc84073d53156e7781fae45", kill_on_drop: false }`
[INFO] running `Command { std: "docker" "rm" "-f" "e32fb0a7d8cef5e6f44ece9d583f45237177d7db3dc84073d53156e7781fae45", kill_on_drop: false }`
[INFO] [stdout] e32fb0a7d8cef5e6f44ece9d583f45237177d7db3dc84073d53156e7781fae45
